divided by 61?
32
Calculate the remainder when 427 is divided by 22.
9
What is the remainder when 240 is divided by 33?
9
What is the remainder when 2513 is divided by 133?
119
What is the remainder when 1311 is divided by 640?
31
What is the remainder when 58 is divided by 20?
18
Calculate the remainder when 254 is divided by 45.
29
What is the remainder when 80 is divided by 25?
5
What is the remainder when 119 is divided by 27?
11
Calculate the remainder when 3524 is divided by 110.
4
Calculate the remainder when 298 is divided by 71.
14
Calculate the remainder when 67 is divided by 19.
10
Calculate the remainder when 285 is divided by 56.
5
Calculate the remainder when 2688 is divided by 16.
0
What is the remainder when 101 is divided by 17?
16
Calculate the remainder when 449 is divided by 98.
57
Calculate the remainder when 927 is divided by 308.
3
What is the remainder when 131 is divided by 35?
26
What is the remainder when 88 is divided by 32?
24
What is the remainder when 798 is divided by 266?
0
Calculate the remainder when 1768 is divided by 29.
28
What is the remainder when 339 is divided by 86?
81
What is the remainder when 657 is divided by 66?
63
What is the remainder when 1258 is divided by 79?
73
Calculate the remainder when 120 is divided by 17.
1
Calculate the remainder when 702 is divided by 19.
18
What is the remainder when 4670 is divided by 41?
37
Calculate the remainder when 21461 is divided by 127.
125
What is the remainder when 921 is divided by 66?
63
What is the remainder when 703 is divided by 11?
10
Calculate the remainder when 219 is divided by 46.
35
What is the remainder when 432 is divided by 14?
12
What is the remainder when 314 is divided by 35?
34
What is the remainder when 430 is divided by 18?
16
What is the remainder when 912 is divided by 61?
58
Calculate the remainder when 1519 is divided by 95.
94
Calculate the remainder when 1928 is divided by 121.
113
What is the remainder when 2 is divided by 2?
0
What is the remainder when 109 is divided by 66?
43
Calculate the remainder when 367 is divided by 95.
82
What is the remainder when 7019 is divided by 39?
38
Calculate the remainder when 156 is divided by 15.
6
Calculate the remainder when 245 is divided by 27.
2
What is the remainder when 227 is divided by 100?
27
What is the remainder when 2144 is divided by 179?
175
What is the remainder when 104 is divided by 36?
32
Calculate the remainder when 13102 is divided by 104.
102
Calculate the remainder when 402 is divided by 9.
6
What is the remainder when 111 is divided by 35?
6
What is the remainder when 53 is divided by 22?
9
What is the remainder when 4995 is divided by 40?
35
What is the remainder when 213 is divided by 116?
97
What is the remainder when 240 is divided by 53?
28
Calculate the remainder when 426 is divided by 41.
16
Calculate the remainder when 6223 is divided by 37.
7
What is the remainder when 412 is divided by 77?
27
Calculate the remainder when 567 is divided by 282.
3
Calculate the remainder when 307 is divided by 57.
22
What is the remainder when 505 is divided by 125?
5
What is the remainder when 129 is divided by 45?
39
Calculate the remainder when 1537 is divided by 1529.
8
Calculate the remainder when 681 is divided by 222.
15
What is the remainder when 150 is divided by 79?
71
Calculate the remainder when 1984 is divided by 283.
3
Calculate the remainder when 548 is divided by 22.
20
What is the remainder when 862 is divided by 71?
10
What is the remainder when 455 is divided by 148?
11
Calculate the remainder when 463 is divided by 58.
57
Calculate the remainder when 1163 is divided by 53.
50
Calculate the remainder when 623 is divided by 615.
8
What is the remainder when 689 is divided by 11?
7
What is the remainder when 2070 is divided by 20?
10
What is the remainder when 644 is divided by 35?
14
Calculate the remainder when 8835 is divided by 465.
0
Calculate the remainder when 2837 is divided by 561.
32
Calculate the remainder when 541 is divided by 182.
177
Calculate the remainder when 440 is divided by 86.
10
Calculate the remainder when 4315 is divided by 714.
31
What is the remainder when 336 is divided by 142?
52
What is the remainder when 162 is divided by 24?
18
Calculate the remainder when 5685 is divided by 72.
69
Calculate the remainder when 141 is divided by 18.
15
What is the remainder when 450 is divided by 21?
9
Calculate the remainder when 490 is divided by 163.
1
What is the remainder when 3103 is divided by 511?
37
Calculate the remainder when 174 is divided by 35.
34
What is the remainder when 556 is divided by 29?
5
Calculate the remainder when 5028 is divided by 129.
126
Calculate the remainder when 107 is divided by 42.
23
What is the remainder when 687 is divided by 8?
7
What is the remainder when 185 is divided by 103?
82
What is the remainder when 160 is divided by 9?
7
Calculate the remainder when 18 is divided by 2.
0
What is the remainder when 3965 is divided by 1978?
9
What is the remainder when 137 is divided by 40?
17
Calculate the remainder when 188 is divided by 53.
29
What is the remainder when 332 is divided by 31?
22
What is the remainder when 26 is divided by 2?
0
What is the remainder when 247 is divided by 66?
49
What is the remainder when 205 is divided by 104?
101
What is the remainder when 126 is divided by 27?
18
What is the remainder when 201 is divided by 23?
17
Calculate the remainder when 414 is divided by 62.
42
Calculate the remainder when 9508 is divided by 37.
36
What is the remainder when 3172 is divided by 127?
124
Calculate the remainder when 4378 is divided by 313.
309
What is the remainder when 358 is divided by 28?
22
Calculate the remainder when 78 is divided by 27.
24
What is the remainder when 516 is divided by 327?
189
What is the remainder when 1073 is divided by 65?
33
Calculate the remainder when 3128 is divided by 74.
20
What is the remainder when 235 is divided by 109?
17
Calculate the remainder when 5631 is divided by 115.
111
What is the remainder when 256 is divided by 52?
48
What is the remainder when 159 is divided by 81?
78
What is the remainder when 543 is divided by 68?
67
Calculate the remainder when 13735 is divided by 60.
55
Calculate the remainder when 554 is divided by 13.
8
What is the remainder when 55 is divided by 8?
7
Calculate the remainder when 2054 is divided by 187.
184
Calculate the remainder when 821 is divided by 218.
167
Calculate the remainder when 627 is divided by 221.
185
Calculate the remainder when 818 is divided by 399.
20
Calculate the remainder when 262 is divided by 40.
22
Calculate the remainder when 131 is divided by 112.
19
What is the remainder when 203 is divided by 81?
41
Calculate the remainder when 455 is divided by 111.
11
What is the remainder when 42 is divided by 24?
18
What is the remainder when 25 is divided by 7?
4
What is the remainder when 510 is divided by 32?
30
What is the remainder when 2444 is divided by 90?
14
Calculate the remainder when 782 is divided by 56.
54
Calculate the remainder when 1300 is divided by 14.
12
What is the remainder when 1039 is divided by 26?
25
What is the remainder when 178 is divided by 62?
54
What is the remainder when 394 is divided by 103?
85
Calculate the remainder when 118 is divided by 31.
25
What is the remainder when 2207 is divided by 275?
7
What is the remainder when 1008 is divided by 100?
8
What is the remainder when 1711 is divided by 5?
1
What is the remainder when 145 is divided by 64?
17
Calculate the remainder when 202 is divided by 68.
66
What is the remainder when 133 is divided by 68?
65
Calculate the remainder when 809 is divided by 38.
11
Calculate the remainder when 870 is divided by 183.
138
Calculate the remainder when 10147 is divided by 172.
171
Calculate the remainder when 197 is divided by 43.
25
What is the remainder when 8622 is divided by 44?
42
Calculate the remainder when 320 is divided by 17.
14
What is the remainder when 9 is divided by 2?
1
Calculate the remainder when 842 is divided by 29.
1
What is the remainder when 109 is divided by 38?
33
Calculate the remainder when 29 is divided by 8.
5
Calculate the remainder when 312 is divided by 157.
155
What is the remainder when 857 